Let t(i) = i**2 + 25*i + 64. Give t(-20).
-36
Let y(a) = -a**2 - 586*a - 4620. What is y(-8)?
4
Let i(m) = 5*m**2 - 191*m + 1648. Calculate i(24).
-56
Let l(o) = -13*o**3 - 5*o**2 - 32*o - 119. Give l(-4).
761
Let g(w) = -10*w**2 + 13*w + 2. What is g(-2)?
-64
Let n(f) = 194*f - 5766. What is n(29)?
-140
Let v(j) = 58*j**3 + 6*j**2 + 11*j + 6. Calculate v(-1).
-57
Let p(m) = 3*m**3 + 7*m**2 + 40*m + 62. Give p(-2).
-14
Let w(o) = -2*o**2 - 6*o - 1. Calculate w(0).
-1
Let p(z) = -515*z - 31895. What is p(-62)?
35
Let k(w) = w**2 + 22*w - 731. Give k(18).
-11
Let i(a) = -5*a**2 - 6*a + 35. Calculate i(0).
35
Let m(f) = -f**2 + 95*f - 1412. Determine m(54).
802
Let l(i) = 51*i - 2176. Calculate l(42).
-34
Let f(v) = 12*v - 14. Determine f(5).
46
Let o(y) = -107*y - 1321. Calculate o(-13).
70
Let h(a) = 1592*a - 12795. Calculate h(8).
-59
Let k(l) = -86*l + 452. Calculate k(5).
22
Let y(k) = k**3 - 23*k**2 + 15*k + 106. Determine y(22).
-48
Let w(v) = 2*v**3 - 14*v**2 - 7*v - 11. Determine w(7).
-60
Let v(o) = o**3 + 7*o**2 - 25*o - 53. Determine v(-9).
10
Let t(d) = 66*d**2 - 22*d - 21. Calculate t(-1).
67
Let h(q) = 2*q**2 + 43*q - 24. What is h(-21)?
-45
Let b(y) = -5*y**2 + 37*y + 21. Calculate b(8).
-3
Let p(u) = 125*u**2 + 7143*u + 1028. Determine p(-57).
2
Let y(d) = d**3 - 4*d**2 + 17*d - 3. Calculate y(6).
171
Let r(h) = 3*h**2 - 160*h - 1471. Determine r(-8).
1
Let r(q) = 8270*q + 33073. Give r(-4).
-7
Let v(o) = -2*o**2 + 111*o - 248. Calculate v(53).
17
Let i(r) = 61*r - 1. What is i(-2)?
-123
Let z(m) = m**2 - 348*m - 2491. What is z(-7)?
-6
Let b(q) = q**2 + 38*q - 441. Give b(13).
222
Let i(j) = -9*j**2 - 19*j - 5. What is i(-2)?
-3
Let f(q) = -6513*q + 32561. Give f(5).
-4
Let p(c) = -c**3 + 21*c**2 - 32*c + 15. What is p(20)?
-225
Let u(s) = -s + 32. Give u(2).
30
Let v(c) = -40*c - 1168. What is v(-29)?
-8
Let x(d) = -d**3 - 7*d**2 - 10*d - 130. What is x(-6)?
-106
Let u(j) = -358*j**3 + 8*j**2 + 9*j + 4. Calculate u(-1).
361
Let o(p) = 329*p - 1634. Give o(5).
11
Let j(p) = -p**2 + 18*p - 70. Give j(13).
-5
Let n(y) = -3*y**3 - 4*y**2 + 68*y - 18. Give n(6).
-402
Let w(q) = 4*q + 123. Calculate w(20).
203
Let j(n) = 4*n**2 + 81*n - 110. Determine j(-22).
44
Let k(i) = -23*i**2 - 93*i - 87. Calculate k(-6).
-357
Let y(a) = -a - 21. Calculate y(-8).
-13
Let o(z) = 6*z**2 + 107*z - 3. Determine o(-21).
396
Let l(w) = -15*w**2 - 120*w - 605. What is l(-5)?
-380
Let f(t) = 33*t + 275. Determine f(-17).
-286
Let x(m) = -11*m - 825. Determine x(-74).
-11
Let l(k) = 54*k - 2632. Determine l(49).
14
Let n(l) = 496*l - 7435. Calculate n(15).
5
Let y(j) = -j**3 - 49*j**2 + 60*j + 503. Determine y(-50).
3
Let q(s) = -111*s - 11868. Give q(-107).
9
Let x(w) = 376*w - 24. Calculate x(0).
-24
Let l(y) = -2*y**3 + 11*y**2 - 29*y - 4. Determine l(6).
-214
Let m(a) = -a**2 - 87*a - 1227. Calculate m(-70).
-37
Let x(p) = -42*p - 1822. Calculate x(-45).
68
Let s(m) = -6*m**2 + 28*m - 121. Calculate s(7).
-219
Let g(o) = 73*o + 9361. Give g(-128).
17
Let c(u) = 163*u - 3780. Give c(23).
-31
Let c(d) = -1849*d + 16684. Calculate c(9).
43
Let g(r) = -r**3 + 105*r**2 + 788*r - 445. Determine g(112).
3
Let x(t) = 58*t - 703. Give x(11).
-65
Let a(u) = u**2 - 40*u + 163. Calculate a(40).
163
Let z(s) = 4719*s + 240672. What is z(-51)?
3
Let z(o) = 2*o**3 - 136*o**2 - 139*o + 126. Determine z(69).
57
Let h(x) = 29*x + 5. Give h(0).
5
Let h(q) = 37*q**2 - 354*q - 23. What is h(10)?
137
Let f(k) = -k**3 - 11*k**2 + 576*k + 173. Give f(-30).
-7
Let s(z) = 8*z**2 - 24*z - 39. Calculate s(4).
-7
Let x(w) = -554*w - 6458. What is x(-12)?
190
Let a(o) = 165*o**2 + 19968*o + 355. Give a(-121).
-8
Let j(i) = 223*i - 40818. Determine j(183).
-9
Let i(b) = b**2 - 71*b + 866. What is i(55)?
-14
Let y(p) = 67*p - 1263. Give y(17).
-124
Let h(q) = 138*q - 4694. Give h(34).
-2
Let o(h) = -h - 134. What is o(9)?
-143
Let f(q) = -5*q - 157. Calculate f(-37).
28
Let l(b) = -2694*b + 16169. Determine l(6).
5
Let z(r) = r**3 - 28*r**2 + 177*r - 20. Calculate z(18).
-74
Let p(s) = 59*s - 1990. Calculate p(34).
16
Let d(l) = -232*l**2 + 3708*l + 70. Determine d(16).
6
Let s(a) = -619*a - 15476. Determine s(-25).
-1
Let t(o) = 31*o - 96. Calculate t(9).
183
Let a(g) = -77*g + 1120. Calculate a(17).
-189
Let n(k) = 82*k - 1244. Calculate n(15).
-14
Let g(f) = 62*f + 693. Calculate g(-10).
73
Let o(p) = 2*p**2 + 162*p + 3171. Calculate o(-33).
3
Let j(x) = -x**3 + 28*x**2 + 86*x - 3057. Determine j(27).
-6
Let g(l) = 2*l**2 + 31*l + 42. What is g(-13)?
-23
Let b(i) = -95*i + 2541. Calculate b(27).
-24
Let p(a) = 62*a**3 + 6*a**2 - a - 1. What is p(1)?
66
Let b(y) = -15*y + 298. Calculate b(16).
58
Let p(c) = -3762*c - 22577. Calculate p(-6).
-5
Let f(m) = 182*m - 236. Determine f(1).
-54
Let x(r) = -3*r - 4. Calculate x(-1).
-1
Let v(n) = 168*n - 8350. Give v(50).
50
Let k(w) = -67*w - 69. Give k(-4).
199
Let a(s) = -145*s - 262. Calculate a(-5).
463
Let c(j) = 5*j**2 + 7*j - 170. Determine c(5).
-10
Let o(h) = 11*h**3 + 6*h**2 - 5*h - 12. Calculate o(-2).
-66
Let s(a) = -8*a**2 - 184*a + 17. Calculate s(-23).
17
Let y(f) = -172*f - 1218. Determine y(-7).
-14
Let t(k) = k**3 + 21*k**2 + 65*k - 7. Calculate t(-17).
44
Let h(o) = -o**3 - 9*o**2 + o + 13. What is h(-7)?
-92
Let u(v) = -v**3 - 11*v**2 - 18*v - 50. Determine u(-10).
30
Let k(o) = -6*o**2 + 53*o + 1. Calculate k(9).
-8
Let f(b) = -2*b**3 - 2*b**2 - 58*b - 117. Determine f(-2).
7
Let k(u) = -u**3 - 4*u**2 + 9*u + 4. What is k(2)?
-2
Let i(l) = l**3 + 42*l**2 + l + 50. Calculate i(-42).
8
Let y(p) = -22*p + 500. Determine y(21).
38
Let u(o) = 2*o**2 - 155*o + 492. What is u(74)?
-26
Let p(i) = -22*i + 1314. What is p(58)?
38
Let i(k) = k**3 + 4*k**2 - 552*k - 3222. Calculate i(-6).
18
Let h(i) = 45*i + 15257. Determine h(-339).
2
Let k(l) = 885*l + 9732. Give k(-11).
-3
Let a(f) = -f**3 - 4*f**2 - 182*f - 930. Calculate a(-5).
5
Let v(o) = 2*o**2 - 199*o + 2462. Determine v(85).
-3
Let h(o) = 18*o + 371. What is h(-18)?
47
Let l(t) = -2*t**2 + 18*t + 57. Calculate l(-5).
-83
Let g(t) = -2*t**3 - 114*t**2 + 115*t - 77. Determine g(-58).
-19
Let f(x) = -x**2 + 19*x + 87. What is f(16)?
135
Let s(z) = 20*z - 595. Calculate s(29).
-15
Let u(f) = -422*f + 2904. Give u(7).
-50
Let q(x) = -11*x + 14. What is q(0)?
14
Let r(l) = -188*l - 945. Calculate r(-5).
-5
Let m(l) = l**2 - 52*l - 3547. Calculate m(-39).
2
Let f(v) = -v**2 - 85*v + 5337. Calculate f(42).
3
Let j(u) = -4*u**3 - 5*u + 6. Determine j(2).
-36
Let g(f) = -3*f**2 - 23. Determine g(0).
-23
Let m(v) = v**2 - 43*v + 51. Calculate m(42).
9
Let n(u) = -u**3 - 8*u**2 - 15*u + 1. What is n(-7)?
57
Let b(d) = -5*d + 409. Calculate b(76).
29
Let r(o) = 2*o + 8. Calculate r(19).
46
Let u(f) = -15*f + 57. What is u(8)?
-63
Let b(s) = -6*s + 99. Give b(18).
-9
Let t(i) = 2*i**3 - 166*i**2 - 2*i + 36. What is t(83)?
-130
Let b(p) = 5*p**3 + 30*p**2 - 2*p - 23. Calculate b(-6).
-11
Let z(j) = 10*j**2 + 181*j + 17. What is z(-18)?
-1
Let p(h) = -h**3 + 5*h**2 + 17*h + 5. Calculate p(5).
90
Let u(r) = -3*r**3 + 5*r**2 + 14*r - 13. Give u(-4).
203
Let g(u) = u**2 + 9*u + 18. What is g(-6)?
0
Let i(w) = -w**2 - 20*w + 10. Calculate i(0).
10
Let n(u) = 15*u + 134. Give n(-9).
-1
Let q(y) = -105*y - 1802. Determine q(-18).
88
Let z(j) = 245*j - 496. Give z(2).
-6
Let k(l) = l**3 - 2*l**2 - 33*l + 47. Determine k(6).
-7
Let y(u) = -436*u - 3897. Calculate y(-9).
27
Let x(k) = 326*k + 1335. Give x(-3).
357
Let t(z) = z**2 - 41*z - 1059. Give t(-18).
3
Let n(s) = -21*s**2 + 5*s. Calculate n(1).
-16
Let d(g) = -25*g + 343. What is d(15)?
-32
Let w(b) = 38*b**2 - 113*b - 9. Give w(3).
-6
Let y(l) = 2*l + 43. Give y(-16).
11
Let t(j) = 717*j - 83177. Determine t(116).
-5
Let a(b) = 17*b + 17. What is a(5)?
102
Let d(s) = -80*s**2 + 27*s - 68. Determine d(3).
-707
Let i(l) = -3*l**3 + 2*l**2 + 2*l - 6. Determine i(2).
-18
Let f(v) = -v**3 + 14*v**2 - 31*v - 115. Determine f(9).
11
Let p(y) = -215*y + 1390. Calculate p(6).
100
Let q(p) = -207*p - 835. Calculate q(-4).
-7
Let l(s) = -s**3 - 171*s**2 - 1007*s - 2785. Give l(-165).
20
Let k(w) = -8*w + 104. Give k(14).
-8
Let j(l) = -53*l**2 + 20*l - 44. Determine j(2).
-216
Let n(a) = -a**3 + 7*a**2 + 6*a + 24. What is n(8)?
8
Let t(y) 